{"id":334,"date":"2021-04-29T18:41:26","date_gmt":"2021-04-29T21:41:26","guid":{"rendered":"http:\/\/www.novaopticas.cl\/wordpress_02\/?page_id=334"},"modified":"2021-06-17T12:58:15","modified_gmt":"2021-06-17T15:58:15","slug":"vicios-de-refraccion-visual","status":"publish","type":"page","link":"https:\/\/www.novaopticas.cl\/wordpress_02\/vicios-de-refraccion-visual\/","title":{"rendered":"Vicios de refracci\u00f3n visual"},"content":{"rendered":"\n<div class=\"wp-block-kadence-spacer aligncenter kt-block-spacer-_59c8a2-5c\"><div class=\"kt-block-spacer kt-block-spacer-halign-center\" style=\"height:60px\"><hr class=\"kt-divider\" style=\"border-top-color:rgba(238, 238, 238, 1);border-top-width:1px;width:80%;border-top-style:solid\"\/><\/div><\/div>\n\n\n\n<div class=\"wp-block-columns are-vertically-aligned-center is-layout-flex wp-container-core-columns-is-layout-28f84493 wp-block-columns-is-layout-flex\">\n<div class=\"wp-block-column is-vertically-aligned-center is-layout-flow wp-block-column-is-layout-flow\">\n<div class=\"wp-block-columns is-layout-flex wp-container-core-columns-is-layout-28f84493 wp-block-columns-is-layout-flex\">\n<div class=\"wp-block-column is-layout-flow wp-block-column-is-layout-flow\" style=\"flex-basis:33.33%\">\n<figure class=\"wp-block-image size-large\"><img loading=\"lazy\" decoding=\"async\" width=\"258\" height=\"194\" src=\"http:\/\/www.novaopticas.cl\/wordpress_02\/wp-content\/uploads\/2021\/06\/miopia.jpg\" alt=\"\" class=\"wp-image-419\"\/><\/figure>\n<\/div>\n\n\n\n<div class=\"wp-block-column is-layout-flow wp-block-column-is-layout-flow\" style=\"flex-basis:66.66%\">\n<p><\/p>\n\n\n\n<p><strong>Miop\u00eda:&nbsp; <\/strong>afecci\u00f3n en la que los objetos cercanos se ven claramente, pero no as\u00ed los que est\u00e1n lejos por una anomal\u00eda en el cristalino.<\/p>\n<\/div>\n<\/div>\n<\/div>\n<\/div>\n\n\n\n<div class=\"wp-block-columns is-layout-flex wp-container-core-columns-is-layout-28f84493 wp-block-columns-is-layout-flex\">\n<div class=\"wp-block-column is-layout-flow wp-block-column-is-layout-flow\" style=\"flex-basis:33.33%\">\n<figure class=\"wp-block-image size-large\"><img loading=\"lazy\" decoding=\"async\" width=\"258\" height=\"194\" src=\"http:\/\/www.novaopticas.cl\/wordpress_02\/wp-content\/uploads\/2021\/06\/Astigmatismo.jpg\" alt=\"\" class=\"wp-image-426\"\/><\/figure>\n<\/div>\n\n\n\n<div class=\"wp-block-column is-layout-flow wp-block-column-is-layout-flow\" style=\"flex-basis:66.66%\">\n<p><strong>Astigmat\u00edsmo<\/strong>: defecto del ojo que consiste en una curvatura irregular de la cornea, lo que provoca que se vean algo deformada las im\u00e1genes y poco claro el contorno de ellas.<\/p>\n<\/div>\n<\/div>\n\n\n\n<div class=\"wp-block-columns is-layout-flex wp-container-core-columns-is-layout-28f84493 wp-block-columns-is-layout-flex\">\n<div class=\"wp-block-column is-layout-flow wp-block-column-is-layout-flow\" style=\"flex-basis:33.33%\">\n<figure class=\"wp-block-image size-large\"><img loading=\"lazy\" decoding=\"async\" width=\"258\" height=\"194\" src=\"http:\/\/www.novaopticas.cl\/wordpress_02\/wp-content\/uploads\/2021\/06\/presbicia_3-2.jpg\" alt=\"\" class=\"wp-image-432\"\/><\/figure>\n<\/div>\n\n\n\n<div class=\"wp-block-column is-layout-flow wp-block-column-is-layout-flow\" style=\"flex-basis:66.66%\">\n<p><strong>Presbicia:<\/strong>&nbsp; perdida de acomodaci\u00f3n despues de los 40 a\u00f1os que impide optima visi\u00f3n de cerca.<\/p>\n<\/div>\n<\/div>\n\n\n\n<div class=\"wp-block-columns is-layout-flex wp-container-core-columns-is-layout-28f84493 wp-block-columns-is-layout-flex\">\n<div class=\"wp-block-column is-layout-flow wp-block-column-is-layout-flow\" style=\"flex-basis:33.33%\">\n<figure class=\"wp-block-image size-large\"><img loading=\"lazy\" decoding=\"async\" width=\"678\" height=\"450\" src=\"http:\/\/www.novaopticas.cl\/wordpress_02\/wp-content\/uploads\/2021\/06\/Hipermetropia.png\" alt=\"\" class=\"wp-image-433\" srcset=\"https:\/\/www.novaopticas.cl\/wordpress_02\/wp-content\/uploads\/2021\/06\/Hipermetropia.png 678w, https:\/\/www.novaopticas.cl\/wordpress_02\/wp-content\/uploads\/2021\/06\/Hipermetropia-300x199.png 300w, https:\/\/www.novaopticas.cl\/wordpress_02\/wp-content\/uploads\/2021\/06\/Hipermetropia-360x240.png 360w\" sizes=\"auto, (max-width: 678px) 100vw, 678px\" \/><\/figure>\n<\/div>\n\n\n\n<div class=\"wp-block-column is-layout-flow wp-block-column-is-layout-flow\" style=\"flex-basis:66.66%\">\n<p><strong>Hipermetrop\u00eda:<\/strong> defecto del ojo que consiste en la imposibilidad de ver con claridad los objetos pr\u00f3ximos, se debe a un defecto de convergencia del cristalino.<\/p>\n<\/div>\n<\/div>\n\n\n\n<p><\/p>\n","protected":false},"excerpt":{"rendered":"<p>Miop\u00eda:&nbsp; afecci\u00f3n en la que los objetos cercanos se ven claramente, pero no as\u00ed los que est\u00e1n lejos por una anomal\u00eda en el cristalino. Astigmat\u00edsmo: defecto del ojo que consiste en una curvatura irregular de la cornea, lo que provoca que se vean algo deformada las im\u00e1genes y poco claro [&hellip;]<\/p>\n","protected":false},"author":1,"featured_media":0,"parent":0,"menu_order":0,"comment_status":"closed","ping_status":"closed","template":"","meta":{"footnotes":""},"class_list":["post-334","page","type-page","status-publish","hentry"],"_links":{"self":[{"href":"https:\/\/www.novaopticas.cl\/wordpress_02\/wp-json\/wp\/v2\/pages\/334","targetHints":{"allow":["GET"]}}],"collection":[{"href":"https:\/\/www.novaopticas.cl\/wordpress_02\/wp-json\/wp\/v2\/pages"}],"about":[{"href":"https:\/\/www.novaopticas.cl\/wordpress_02\/wp-json\/wp\/v2\/types\/page"}],"author":[{"embeddable":true,"href":"https:\/\/www.novaopticas.cl\/wordpress_02\/wp-json\/wp\/v2\/users\/1"}],"replies":[{"embeddable":true,"href":"https:\/\/www.novaopticas.cl\/wordpress_02\/wp-json\/wp\/v2\/comments?post=334"}],"version-history":[{"count":11,"href":"https:\/\/www.novaopticas.cl\/wordpress_02\/wp-json\/wp\/v2\/pages\/334\/revisions"}],"predecessor-version":[{"id":476,"href":"https:\/\/www.novaopticas.cl\/wordpress_02\/wp-json\/wp\/v2\/pages\/334\/revisions\/476"}],"wp:attachment":[{"href":"https:\/\/www.novaopticas.cl\/wordpress_02\/wp-json\/wp\/v2\/media?parent=334"}],"curies":[{"name":"wp","href":"https:\/\/api.w.org\/{rel}","templated":true}]}}